{"id":240,"date":"2026-03-25T16:34:11","date_gmt":"2026-03-25T16:34:11","guid":{"rendered":"https:\/\/www.dazzling-gauss.212-227-170-25.plesk.page\/?page_id=240"},"modified":"2026-03-25T16:53:47","modified_gmt":"2026-03-25T16:53:47","slug":"securisation-juridique-process","status":"publish","type":"page","link":"https:\/\/www.dazzling-gauss.212-227-170-25.plesk.page\/index.php\/securisation-juridique-process\/","title":{"rendered":"SECURISATION JURIDIQUE &amp; PROCESS"},"content":{"rendered":"\t\t<div data-elementor-type=\"wp-page\" data-elementor-id=\"240\" class=\"elementor elementor-240\" data-elementor-post-type=\"page\">\n\t\t\t\t<div class=\"elementor-element elementor-element-d1e12fe e-flex e-con-boxed e-con e-parent\" data-id=\"d1e12fe\" data-element_type=\"container\" data-e-type=\"container\">\n\t\t\t\t\t<div class=\"e-con-inner\">\n\t\t\t\t<div class=\"elementor-element elementor-element-28f074bf elementor-widget__width-initial elementor-widget elementor-widget-heading\" data-id=\"28f074bf\" data-element_type=\"widget\" data-e-type=\"widget\" data-widget_type=\"heading.default\">\n\t\t\t\t\t<h2 class=\"elementor-heading-title elementor-size-default\">SECURISATION JURIDIQUE &amp; PROCESS<\/h2>\t\t\t\t<\/div>\n\t\t\t\t<div class=\"elementor-element elementor-element-791f9180 elementor-icon-list--layout-inline elementor-align-center elementor-list-item-link-full_width elementor-widget elementor-widget-icon-list\" data-id=\"791f9180\" data-element_type=\"widget\" data-e-type=\"widget\" data-widget_type=\"icon-list.default\">\n\t\t\t\t\t\t\t<ul class=\"elementor-icon-list-items elementor-inline-items\">\n\t\t\t\t\t\t\t<li class=\"elementor-icon-list-item elementor-inline-item\">\n\t\t\t\t\t\t\t\t\t\t\t<a href=\"#\">\n\n\t\t\t\t\t\t\t\t\t\t\t<span class=\"elementor-icon-list-text\">Accueil<\/span>\n\t\t\t\t\t\t\t\t\t\t\t<\/a>\n\t\t\t\t\t\t\t\t\t<\/li>\n\t\t\t\t\t\t\t\t<li class=\"elementor-icon-list-item elementor-inline-item\">\n\t\t\t\t\t\t\t\t\t\t\t<a href=\"#\">\n\n\t\t\t\t\t\t\t\t\t\t\t\t<span class=\"elementor-icon-list-icon\">\n\t\t\t\t\t\t\t<svg aria-hidden=\"true\" class=\"e-font-icon-svg e-fas-arrow-right\" viewBox=\"0 0 448 512\" xmlns=\"http:\/\/www.w3.org\/2000\/svg\"><path d=\"M190.5 66.9l22.2-22.2c9.4-9.4 24.6-9.4 33.9 0L441 239c9.4 9.4 9.4 24.6 0 33.9L246.6 467.3c-9.4 9.4-24.6 9.4-33.9 0l-22.2-22.2c-9.5-9.5-9.3-25 .4-34.3L311.4 296H24c-13.3 0-24-10.7-24-24v-32c0-13.3 10.7-24 24-24h287.4L190.9 101.2c-9.8-9.3-10-24.8-.4-34.3z\"><\/path><\/svg>\t\t\t\t\t\t<\/span>\n\t\t\t\t\t\t\t\t\t\t<span class=\"elementor-icon-list-text\">Tarif<\/span>\n\t\t\t\t\t\t\t\t\t\t\t<\/a>\n\t\t\t\t\t\t\t\t\t<\/li>\n\t\t\t\t\t\t<\/ul>\n\t\t\t\t\t\t<\/div>\n\t\t\t\t\t<\/div>\n\t\t\t\t<\/div>\n\t\t<div class=\"elementor-element elementor-element-f862d03 e-flex e-con-boxed e-con e-parent\" data-id=\"f862d03\" data-element_type=\"container\" data-e-type=\"container\">\n\t\t\t\t\t<div class=\"e-con-inner\">\n\t\t<div class=\"elementor-element elementor-element-68b098c1 e-con-full e-flex e-con e-child\" data-id=\"68b098c1\" data-element_type=\"container\" data-e-type=\"container\">\n\t\t<div class=\"elementor-element elementor-element-6e8749bc e-con-full e-flex e-con e-child\" data-id=\"6e8749bc\" data-element_type=\"container\" data-e-type=\"container\">\n\t\t\t\t<div class=\"elementor-element elementor-element-5cd16887 elementor-widget elementor-widget-heading\" data-id=\"5cd16887\" data-element_type=\"widget\" data-e-type=\"widget\" data-widget_type=\"heading.default\">\n\t\t\t\t\t<h2 class=\"elementor-heading-title elementor-size-default\">Services Categories<\/h2>\t\t\t\t<\/div>\n\t\t<div class=\"elementor-element elementor-element-4b9b909 e-con-full e-flex e-con e-child\" data-id=\"4b9b909\" data-element_type=\"container\" data-e-type=\"container\">\n\t\t\t\t<div class=\"elementor-element elementor-element-6e497177 elementor-widget elementor-widget-heading\" data-id=\"6e497177\" data-element_type=\"widget\" data-e-type=\"widget\" data-widget_type=\"heading.default\">\n\t\t\t\t\t<h2 class=\"elementor-heading-title elementor-size-default\"><a href=\"#\">\ud83c\udfaf Notre philosophie<\/a><\/h2>\t\t\t\t<\/div>\n\t\t\t\t<div class=\"elementor-element elementor-element-5f7a3964 elementor-widget elementor-widget-button\" data-id=\"5f7a3964\" data-element_type=\"widget\" data-e-type=\"widget\" data-widget_type=\"button.default\">\n\t\t\t\t\t\t\t\t\t\t<a class=\"elementor-button elementor-button-link elementor-size-sm\" href=\"#\">\n\t\t\t\t\t\t<span class=\"elementor-button-content-wrapper\">\n\t\t\t\t\t\t<span class=\"elementor-button-icon\">\n\t\t\t\t<svg aria-hidden=\"true\" class=\"e-font-icon-svg e-fas-arrow-right\" viewBox=\"0 0 448 512\" xmlns=\"http:\/\/www.w3.org\/2000\/svg\"><path d=\"M190.5 66.9l22.2-22.2c9.4-9.4 24.6-9.4 33.9 0L441 239c9.4 9.4 9.4 24.6 0 33.9L246.6 467.3c-9.4 9.4-24.6 9.4-33.9 0l-22.2-22.2c-9.5-9.5-9.3-25 .4-34.3L311.4 296H24c-13.3 0-24-10.7-24-24v-32c0-13.3 10.7-24 24-24h287.4L190.9 101.2c-9.8-9.3-10-24.8-.4-34.3z\"><\/path><\/svg>\t\t\t<\/span>\n\t\t\t\t\t\t\t\t<\/span>\n\t\t\t\t\t<\/a>\n\t\t\t\t\t\t\t\t<\/div>\n\t\t\t\t<\/div>\n\t\t<div class=\"elementor-element elementor-element-530cade3 e-con-full e-flex e-con e-child\" data-id=\"530cade3\" data-element_type=\"container\" data-e-type=\"container\">\n\t\t\t\t<div class=\"elementor-element elementor-element-31dc3fce elementor-widget elementor-widget-heading\" data-id=\"31dc3fce\" data-element_type=\"widget\" data-e-type=\"widget\" data-widget_type=\"heading.default\">\n\t\t\t\t\t<h2 class=\"elementor-heading-title elementor-size-default\"><a href=\"#\">ACCOMMPAGNEMENTS DES ACQUEREURS<\/a><\/h2>\t\t\t\t<\/div>\n\t\t\t\t<div class=\"elementor-element elementor-element-34ee3db4 elementor-widget elementor-widget-button\" data-id=\"34ee3db4\" data-element_type=\"widget\" data-e-type=\"widget\" data-widget_type=\"button.default\">\n\t\t\t\t\t\t\t\t\t\t<a class=\"elementor-button elementor-button-link elementor-size-sm\" href=\"#\">\n\t\t\t\t\t\t<span class=\"elementor-button-content-wrapper\">\n\t\t\t\t\t\t<span class=\"elementor-button-icon\">\n\t\t\t\t<svg aria-hidden=\"true\" class=\"e-font-icon-svg e-fas-arrow-right\" viewBox=\"0 0 448 512\" xmlns=\"http:\/\/www.w3.org\/2000\/svg\"><path d=\"M190.5 66.9l22.2-22.2c9.4-9.4 24.6-9.4 33.9 0L441 239c9.4 9.4 9.4 24.6 0 33.9L246.6 467.3c-9.4 9.4-24.6 9.4-33.9 0l-22.2-22.2c-9.5-9.5-9.3-25 .4-34.3L311.4 296H24c-13.3 0-24-10.7-24-24v-32c0-13.3 10.7-24 24-24h287.4L190.9 101.2c-9.8-9.3-10-24.8-.4-34.3z\"><\/path><\/svg>\t\t\t<\/span>\n\t\t\t\t\t\t\t\t<\/span>\n\t\t\t\t\t<\/a>\n\t\t\t\t\t\t\t\t<\/div>\n\t\t\t\t<\/div>\n\t\t<div class=\"elementor-element elementor-element-76bd8d7a e-con-full e-flex e-con e-child\" data-id=\"76bd8d7a\" data-element_type=\"container\" data-e-type=\"container\">\n\t\t\t\t<div class=\"elementor-element elementor-element-23f59a4e elementor-widget elementor-widget-heading\" data-id=\"23f59a4e\" data-element_type=\"widget\" data-e-type=\"widget\" data-widget_type=\"heading.default\">\n\t\t\t\t\t<h2 class=\"elementor-heading-title elementor-size-default\"><a href=\"#\">Projects<\/a><\/h2>\t\t\t\t<\/div>\n\t\t\t\t<div class=\"elementor-element elementor-element-75f4540f elementor-widget elementor-widget-button\" data-id=\"75f4540f\" data-element_type=\"widget\" data-e-type=\"widget\" data-widget_type=\"button.default\">\n\t\t\t\t\t\t\t\t\t\t<a class=\"elementor-button elementor-button-link elementor-size-sm\" href=\"#\">\n\t\t\t\t\t\t<span class=\"elementor-button-content-wrapper\">\n\t\t\t\t\t\t<span class=\"elementor-button-icon\">\n\t\t\t\t<svg aria-hidden=\"true\" class=\"e-font-icon-svg e-fas-arrow-right\" viewBox=\"0 0 448 512\" xmlns=\"http:\/\/www.w3.org\/2000\/svg\"><path d=\"M190.5 66.9l22.2-22.2c9.4-9.4 24.6-9.4 33.9 0L441 239c9.4 9.4 9.4 24.6 0 33.9L246.6 467.3c-9.4 9.4-24.6 9.4-33.9 0l-22.2-22.2c-9.5-9.5-9.3-25 .4-34.3L311.4 296H24c-13.3 0-24-10.7-24-24v-32c0-13.3 10.7-24 24-24h287.4L190.9 101.2c-9.8-9.3-10-24.8-.4-34.3z\"><\/path><\/svg>\t\t\t<\/span>\n\t\t\t\t\t\t\t\t<\/span>\n\t\t\t\t\t<\/a>\n\t\t\t\t\t\t\t\t<\/div>\n\t\t\t\t<\/div>\n\t\t<div class=\"elementor-element elementor-element-5279611d e-con-full e-flex e-con e-child\" data-id=\"5279611d\" data-element_type=\"container\" data-e-type=\"container\">\n\t\t\t\t<div class=\"elementor-element elementor-element-5b317ff6 elementor-widget elementor-widget-heading\" data-id=\"5b317ff6\" data-element_type=\"widget\" data-e-type=\"widget\" data-widget_type=\"heading.default\">\n\t\t\t\t\t<h2 class=\"elementor-heading-title elementor-size-default\"><a href=\"#\">FONDS DE COMMERCE A LOUER\n<\/a><\/h2>\t\t\t\t<\/div>\n\t\t\t\t<div class=\"elementor-element elementor-element-14e55b0d elementor-widget elementor-widget-button\" data-id=\"14e55b0d\" data-element_type=\"widget\" data-e-type=\"widget\" data-widget_type=\"button.default\">\n\t\t\t\t\t\t\t\t\t\t<a class=\"elementor-button elementor-button-link elementor-size-sm\" href=\"#\">\n\t\t\t\t\t\t<span class=\"elementor-button-content-wrapper\">\n\t\t\t\t\t\t<span class=\"elementor-button-icon\">\n\t\t\t\t<svg aria-hidden=\"true\" class=\"e-font-icon-svg e-fas-arrow-right\" viewBox=\"0 0 448 512\" xmlns=\"http:\/\/www.w3.org\/2000\/svg\"><path d=\"M190.5 66.9l22.2-22.2c9.4-9.4 24.6-9.4 33.9 0L441 239c9.4 9.4 9.4 24.6 0 33.9L246.6 467.3c-9.4 9.4-24.6 9.4-33.9 0l-22.2-22.2c-9.5-9.5-9.3-25 .4-34.3L311.4 296H24c-13.3 0-24-10.7-24-24v-32c0-13.3 10.7-24 24-24h287.4L190.9 101.2c-9.8-9.3-10-24.8-.4-34.3z\"><\/path><\/svg>\t\t\t<\/span>\n\t\t\t\t\t\t\t\t<\/span>\n\t\t\t\t\t<\/a>\n\t\t\t\t\t\t\t\t<\/div>\n\t\t\t\t<\/div>\n\t\t<div class=\"elementor-element elementor-element-9ebccbb e-con-full e-flex e-con e-child\" data-id=\"9ebccbb\" data-element_type=\"container\" data-e-type=\"container\">\n\t\t\t\t<div class=\"elementor-element elementor-element-6f25b466 elementor-widget elementor-widget-heading\" data-id=\"6f25b466\" data-element_type=\"widget\" data-e-type=\"widget\" data-widget_type=\"heading.default\">\n\t\t\t\t\t<h2 class=\"elementor-heading-title elementor-size-default\"><a href=\"#\">FONDS DE COMMERCE A VENDRE\n<\/a><\/h2>\t\t\t\t<\/div>\n\t\t\t\t<div class=\"elementor-element elementor-element-3da3825 elementor-widget elementor-widget-button\" data-id=\"3da3825\" data-element_type=\"widget\" data-e-type=\"widget\" data-widget_type=\"button.default\">\n\t\t\t\t\t\t\t\t\t\t<a class=\"elementor-button elementor-button-link elementor-size-sm\" href=\"#\">\n\t\t\t\t\t\t<span class=\"elementor-button-content-wrapper\">\n\t\t\t\t\t\t<span class=\"elementor-button-icon\">\n\t\t\t\t<svg aria-hidden=\"true\" class=\"e-font-icon-svg e-fas-arrow-right\" viewBox=\"0 0 448 512\" xmlns=\"http:\/\/www.w3.org\/2000\/svg\"><path d=\"M190.5 66.9l22.2-22.2c9.4-9.4 24.6-9.4 33.9 0L441 239c9.4 9.4 9.4 24.6 0 33.9L246.6 467.3c-9.4 9.4-24.6 9.4-33.9 0l-22.2-22.2c-9.5-9.5-9.3-25 .4-34.3L311.4 296H24c-13.3 0-24-10.7-24-24v-32c0-13.3 10.7-24 24-24h287.4L190.9 101.2c-9.8-9.3-10-24.8-.4-34.3z\"><\/path><\/svg>\t\t\t<\/span>\n\t\t\t\t\t\t\t\t<\/span>\n\t\t\t\t\t<\/a>\n\t\t\t\t\t\t\t\t<\/div>\n\t\t\t\t<\/div>\n\t\t<div class=\"elementor-element elementor-element-3202b454 e-con-full e-flex e-con e-child\" data-id=\"3202b454\" data-element_type=\"container\" data-e-type=\"container\">\n\t\t\t\t<div class=\"elementor-element elementor-element-4862ad99 elementor-widget elementor-widget-heading\" data-id=\"4862ad99\" data-element_type=\"widget\" data-e-type=\"widget\" data-widget_type=\"heading.default\">\n\t\t\t\t\t<h2 class=\"elementor-heading-title elementor-size-default\"><a href=\"#\">Notre Expertise Bancaire<\/a><\/h2>\t\t\t\t<\/div>\n\t\t\t\t<div class=\"elementor-element elementor-element-20da1e2f elementor-widget elementor-widget-button\" data-id=\"20da1e2f\" data-element_type=\"widget\" data-e-type=\"widget\" data-widget_type=\"button.default\">\n\t\t\t\t\t\t\t\t\t\t<a class=\"elementor-button elementor-button-link elementor-size-sm\" href=\"#\">\n\t\t\t\t\t\t<span class=\"elementor-button-content-wrapper\">\n\t\t\t\t\t\t<span class=\"elementor-button-icon\">\n\t\t\t\t<svg aria-hidden=\"true\" class=\"e-font-icon-svg e-fas-arrow-right\" viewBox=\"0 0 448 512\" xmlns=\"http:\/\/www.w3.org\/2000\/svg\"><path d=\"M190.5 66.9l22.2-22.2c9.4-9.4 24.6-9.4 33.9 0L441 239c9.4 9.4 9.4 24.6 0 33.9L246.6 467.3c-9.4 9.4-24.6 9.4-33.9 0l-22.2-22.2c-9.5-9.5-9.3-25 .4-34.3L311.4 296H24c-13.3 0-24-10.7-24-24v-32c0-13.3 10.7-24 24-24h287.4L190.9 101.2c-9.8-9.3-10-24.8-.4-34.3z\"><\/path><\/svg>\t\t\t<\/span>\n\t\t\t\t\t\t\t\t<\/span>\n\t\t\t\t\t<\/a>\n\t\t\t\t\t\t\t\t<\/div>\n\t\t\t\t<\/div>\n\t\t\t\t<\/div>\n\t\t<div class=\"elementor-element elementor-element-320c0798 e-con-full e-flex e-con e-child\" data-id=\"320c0798\" data-element_type=\"container\" data-e-type=\"container\" data-settings=\"{&quot;background_background&quot;:&quot;classic&quot;}\">\n\t\t\t\t<div class=\"elementor-element elementor-element-7c4ca3ac elementor-widget elementor-widget-heading\" data-id=\"7c4ca3ac\" data-element_type=\"widget\" data-e-type=\"widget\" data-widget_type=\"heading.default\">\n\t\t\t\t\t<h2 class=\"elementor-heading-title elementor-size-default\">Contactez-nous<\/h2>\t\t\t\t<\/div>\n\t\t<div class=\"elementor-element elementor-element-34bd1041 e-con-full e-flex e-con e-child\" data-id=\"34bd1041\" data-element_type=\"container\" data-e-type=\"container\">\n\t\t\t\t<div class=\"elementor-element elementor-element-69a5a5f1 elementor-align-center elementor-widget elementor-widget-button\" data-id=\"69a5a5f1\" data-element_type=\"widget\" data-e-type=\"widget\" data-widget_type=\"button.default\">\n\t\t\t\t\t\t\t\t\t\t<a class=\"elementor-button elementor-button-link elementor-size-sm\" href=\"https:\/\/www.dazzling-gauss.212-227-170-25.plesk.page\/index.php\/contact\/\">\n\t\t\t\t\t\t<span class=\"elementor-button-content-wrapper\">\n\t\t\t\t\t\t\t\t\t<span class=\"elementor-button-text\">Prendre contact<\/span>\n\t\t\t\t\t<\/span>\n\t\t\t\t\t<\/a>\n\t\t\t\t\t\t\t\t<\/div>\n\t\t\t\t<\/div>\n\t\t\t\t<\/div>\n\t\t\t\t<\/div>\n\t\t<div class=\"elementor-element elementor-element-49594560 e-con-full e-flex e-con e-child\" data-id=\"49594560\" data-element_type=\"container\" data-e-type=\"container\">\n\t\t\t\t<div class=\"elementor-element elementor-element-73c2179e elementor-widget elementor-widget-image\" data-id=\"73c2179e\" data-element_type=\"widget\" data-e-type=\"widget\" data-widget_type=\"image.default\">\n\t\t\t\t\t\t\t\t\t\t\t\t\t\t\t<img fetchpriority=\"high\" decoding=\"async\" width=\"800\" height=\"534\" src=\"https:\/\/www.dazzling-gauss.212-227-170-25.plesk.page\/wp-content\/uploads\/2026\/03\/Images-XK2MKJQ.jpg\" class=\"attachment-large size-large wp-image-23\" alt=\"\" srcset=\"https:\/\/www.dazzling-gauss.212-227-170-25.plesk.page\/wp-content\/uploads\/2026\/03\/Images-XK2MKJQ.jpg 1000w, https:\/\/www.dazzling-gauss.212-227-170-25.plesk.page\/wp-content\/uploads\/2026\/03\/Images-XK2MKJQ-300x200.jpg 300w, https:\/\/www.dazzling-gauss.212-227-170-25.plesk.page\/wp-content\/uploads\/2026\/03\/Images-XK2MKJQ-768x512.jpg 768w\" sizes=\"(max-width: 800px) 100vw, 800px\" \/>\t\t\t\t\t\t\t\t\t\t\t\t\t\t\t<\/div>\n\t\t\t\t<div class=\"elementor-element elementor-element-56afa70a elementor-widget elementor-widget-text-editor\" data-id=\"56afa70a\" data-element_type=\"widget\" data-e-type=\"widget\" data-widget_type=\"text-editor.default\">\n\t\t\t\t\t\t\t\t\t<div style=\"max-width: 1100px; margin: 0 auto; padding: 60px 24px; font-family: -apple-system, BlinkMacSystemFont, 'Segoe UI', Roboto, sans-serif; color: #1f2937; line-height: 1.7;\">\n\n  <!-- HEADER -->\n  <div style=\"margin-bottom: 48px;\">\n    <h2 style=\"font-size: 38px; line-height: 1.2; margin-bottom: 20px; color: #111827;\">\n      Une transmission structur\u00e9e, ma\u00eetris\u00e9e et prot\u00e9g\u00e9e\n    <\/h2>\n    <div style=\"width: 60px; height: 4px; background: #7D6CAC; margin-bottom: 24px; border-radius: 2px;\"><\/div>\n\n    <p style=\"font-size: 18px; margin-bottom: 10px;\">\n      La cession ou la reprise d\u2019un fonds de commerce est une op\u00e9ration juridique complexe.\n    <\/p>\n    <p style=\"font-size: 18px; margin-bottom: 10px;\">\n      Elle implique des engagements contractuels, des d\u00e9lais l\u00e9gaux, des conditions suspensives et des responsabilit\u00e9s importantes.\n    <\/p>\n    <p style=\"font-size: 18px;\">\n      <strong>Notre r\u00f4le est de s\u00e9curiser chaque \u00e9tape pour \u00e9viter les impr\u00e9vus et prot\u00e9ger les int\u00e9r\u00eats de nos clients.<\/strong>\n    <\/p>\n  <\/div>\n\n  <!-- APPROCHE -->\n  <div style=\"background: linear-gradient(135deg, #f5f3ff 0%, #ffffff 100%); border: 1px solid #ede9fe; border-radius: 20px; padding: 32px; margin-bottom: 40px;\">\n    <h3 style=\"font-size: 26px; margin-top: 0; margin-bottom: 18px; color: #111827;\">\n      Notre approche : anticiper plut\u00f4t que corriger\n    <\/h3>\n\n    <p style=\"margin-bottom: 12px;\">\n      La majorit\u00e9 des difficult\u00e9s rencontr\u00e9es lors d\u2019une cession provient :\n    <\/p>\n\n    <div style=\"display: grid; grid-template-columns: repeat(auto-fit, minmax(220px, 1fr)); gap: 10px; margin-bottom: 20px;\">\n      <div style=\"background:#ffffff;border-radius:10px;padding:10px 14px;border:1px solid #e5e7eb;\">\u2022 D\u2019un dossier mal pr\u00e9par\u00e9<\/div>\n      <div style=\"background:#ffffff;border-radius:10px;padding:10px 14px;border:1px solid #e5e7eb;\">\u2022 De clauses mal r\u00e9dig\u00e9es<\/div>\n      <div style=\"background:#ffffff;border-radius:10px;padding:10px 14px;border:1px solid #e5e7eb;\">\u2022 D\u2019un prix incoh\u00e9rent<\/div>\n      <div style=\"background:#ffffff;border-radius:10px;padding:10px 14px;border:1px solid #e5e7eb;\">\u2022 D\u2019un financement non s\u00e9curis\u00e9<\/div>\n      <div style=\"background:#ffffff;border-radius:10px;padding:10px 14px;border:1px solid #e5e7eb;\">\u2022 D\u2019une mauvaise coordination des intervenants<\/div>\n    <\/div>\n\n    <p style=\"margin: 0;\">\n      Notre m\u00e9thode vise \u00e0 pr\u00e9venir ces risques en amont.\n    <\/p>\n  <\/div>\n\n  <!-- ETAPES -->\n  <div style=\"display: grid; grid-template-columns: repeat(auto-fit, minmax(280px, 1fr)); gap: 24px; margin-bottom: 40px;\">\n\n    <div style=\"background: #ffffff; border-radius: 20px; padding: 26px; border: 1px solid #e5e7eb; box-shadow: 0 4px 20px rgba(0,0,0,0.04);\">\n      <div style=\"color:#7D6CAC;font-weight:600;margin-bottom:10px;\">01<\/div>\n      <h3 style=\"font-size: 20px; margin-top: 0;\">Confidentialit\u00e9 &#038; qualification<\/h3>\n      <p style=\"margin-bottom: 12px;\">Avant toute transmission d\u2019informations sensibles :<\/p>\n      <ul style=\"margin: 0 0 0 18px;\">\n        <li>Signature d\u2019un engagement de confidentialit\u00e9<\/li>\n        <li>Qualification du profil acqu\u00e9reur<\/li>\n        <li>V\u00e9rification de coh\u00e9rence du projet<\/li>\n        <li>Protection des donn\u00e9es financi\u00e8res<\/li>\n      <\/ul>\n      <p style=\"margin-top: 14px;\">La discr\u00e9tion est primordiale pour pr\u00e9server la stabilit\u00e9 de l\u2019activit\u00e9.<\/p>\n    <\/div>\n\n    <div style=\"background: #ffffff; border-radius: 20px; padding: 26px; border: 1px solid #e5e7eb; box-shadow: 0 4px 20px rgba(0,0,0,0.04);\">\n      <div style=\"color:#7D6CAC;font-weight:600;margin-bottom:10px;\">02<\/div>\n      <h3 style=\"font-size: 20px; margin-top: 0;\">Lettre d\u2019intention (LOI)<\/h3>\n      <p style=\"margin-bottom: 12px;\">La lettre d\u2019intention encadre les bases de l\u2019accord :<\/p>\n      <ul style=\"margin: 0 0 0 18px;\">\n        <li>Prix propos\u00e9<\/li>\n        <li>Modalit\u00e9s de financement<\/li>\n        <li>Conditions suspensives<\/li>\n        <li>Calendrier pr\u00e9visionnel<\/li>\n        <li>Engagements r\u00e9ciproques<\/li>\n      <\/ul>\n      <p style=\"margin-top: 14px;\">Nous structurons une LOI claire et \u00e9quilibr\u00e9e, sans ambigu\u00eft\u00e9.<\/p>\n    <\/div>\n\n    <div style=\"background: #ffffff; border-radius: 20px; padding: 26px; border: 1px solid #e5e7eb; box-shadow: 0 4px 20px rgba(0,0,0,0.04);\">\n      <div style=\"color:#7D6CAC;font-weight:600;margin-bottom:10px;\">03<\/div>\n      <h3 style=\"font-size: 20px; margin-top: 0;\">Compromis \/ Promesse de cession<\/h3>\n      <p style=\"margin-bottom: 12px;\">Le compromis de vente est une \u00e9tape d\u00e9terminante. Nous s\u00e9curisons :<\/p>\n      <ul style=\"margin: 0 0 0 18px;\">\n        <li>Les conditions suspensives de financement<\/li>\n        <li>Les clauses relatives au bail<\/li>\n        <li>Les garanties d\u2019actif et de passif le cas \u00e9ch\u00e9ant<\/li>\n        <li>Les d\u00e9lais administratifs<\/li>\n        <li>Les obligations d\u2019information<\/li>\n      <\/ul>\n      <p style=\"margin-top: 14px;\">Nous travaillons avec les notaires et conseils juridiques pour assurer la solidit\u00e9 contractuelle.<\/p>\n    <\/div>\n\n    <div style=\"background: #ffffff; border-radius: 20px; padding: 26px; border: 1px solid #e5e7eb; box-shadow: 0 4px 20px rgba(0,0,0,0.04);\">\n      <div style=\"color:#7D6CAC;font-weight:600;margin-bottom:10px;\">04<\/div>\n      <h3 style=\"font-size: 20px; margin-top: 0;\">S\u00e9curisation du financement<\/h3>\n      <p style=\"margin-bottom: 12px;\">Une cession n\u2019est r\u00e9ellement s\u00e9curis\u00e9e que lorsque le financement est valid\u00e9.<\/p>\n      <ul style=\"margin: 0 0 0 18px;\">\n        <li>Anticiper les exigences du pr\u00eateur<\/li>\n        <li>Structurer un calendrier r\u00e9aliste<\/li>\n        <li>\u00c9viter les ruptures de process<\/li>\n        <li>Fluidifier les \u00e9changes entre parties<\/li>\n      <\/ul>\n    <\/div>\n\n    <div style=\"background: #ffffff; border-radius: 20px; padding: 26px; border: 1px solid #e5e7eb; box-shadow: 0 4px 20px rgba(0,0,0,0.04);\">\n      <div style=\"color:#7D6CAC;font-weight:600;margin-bottom:10px;\">05<\/div>\n      <h3 style=\"font-size: 20px; margin-top: 0;\">Coordination des intervenants<\/h3>\n      <p style=\"margin-bottom: 12px;\">Une transmission implique souvent :<\/p>\n      <ul style=\"margin: 0 0 12px 18px;\">\n        <li>Notaire<\/li>\n        <li>Expert-comptable<\/li>\n        <li>Avocat<\/li>\n        <li>Banques<\/li>\n        <li>Bailleur<\/li>\n      <\/ul>\n      <p style=\"margin-bottom: 12px;\">Nous assurons un r\u00f4le de coordination pour :<\/p>\n      <ul style=\"margin: 0 0 0 18px;\">\n        <li>Fluidifier les \u00e9changes<\/li>\n        <li>Respecter les d\u00e9lais<\/li>\n        <li>\u00c9viter les blocages<\/li>\n        <li>Maintenir un climat serein<\/li>\n      <\/ul>\n    <\/div>\n\n    <div style=\"background: #ffffff; border-radius: 20px; padding: 26px; border: 1px solid #e5e7eb; box-shadow: 0 4px 20px rgba(0,0,0,0.04);\">\n      <div style=\"color:#7D6CAC;font-weight:600;margin-bottom:10px;\">06<\/div>\n      <h3 style=\"font-size: 20px; margin-top: 0;\">Anticipation des points sensibles<\/h3>\n      <p style=\"margin-bottom: 12px;\">Nous attirons l\u2019attention sur :<\/p>\n      <ul style=\"margin: 0 0 0 18px;\">\n        <li>La conformit\u00e9 du bail commercial<\/li>\n        <li>Les clauses sp\u00e9cifiques li\u00e9es \u00e0 l\u2019activit\u00e9<\/li>\n        <li>Les obligations sociales<\/li>\n        <li>Les contrats fournisseurs<\/li>\n        <li>Les autorisations administratives<\/li>\n      <\/ul>\n      <p style=\"margin-top: 14px;\">Chaque d\u00e9tail compte.<\/p>\n    <\/div>\n\n  <\/div>\n\n  <!-- CONVICTION -->\n  <div style=\"background: #ffffff; border: 1px solid #e5e7eb; border-radius: 20px; padding: 30px; margin-bottom: 28px; box-shadow: 0 4px 20px rgba(0,0,0,0.04);\">\n    <h3 style=\"margin-top: 0; font-size: 24px; color: #111827;\">Notre conviction<\/h3>\n    <p style=\"margin: 0;\">\n      Une op\u00e9ration r\u00e9ussie n\u2019est pas seulement conclue. Elle est juridiquement s\u00e9curis\u00e9e et financi\u00e8rement coh\u00e9rente.\n    <\/p>\n  <\/div>\n\n  <!-- DIFFERENCE -->\n  <div style=\"background: linear-gradient(135deg, #7D6CAC 0%, #6b5aa6 100%); color: #ffffff; border-radius: 24px; padding: 40px;\">\n    <h3 style=\"margin-top: 0; font-size: 28px;\">Notre valeur ajout\u00e9e<\/h3>\n    <p style=\"margin-bottom: 16px;\">\n      Un interm\u00e9diaire classique met en relation. Nous structurons :\n    <\/p>\n    <ul style=\"margin-left: 20px; margin-bottom: 18px;\">\n      <li>Le cadre juridique<\/li>\n      <li>La coh\u00e9rence financi\u00e8re<\/li>\n      <li>Le calendrier op\u00e9rationnel<\/li>\n      <li>La coordination des acteurs<\/li>\n    <\/ul>\n    <p style=\"margin-bottom: 12px;\">\n      Nous s\u00e9curisons la transaction de bout en bout.\n    <\/p>\n    <p style=\"margin: 0;\">\n      Confier une transmission \u00e0 un cabinet structur\u00e9, c\u2019est r\u00e9duire le risque juridique, financier et op\u00e9rationnel. Notre m\u00e9thode apporte clart\u00e9, s\u00e9curit\u00e9 et ma\u00eetrise \u00e0 chaque \u00e9tape.\n    <\/p>\n  <\/div>\n\n<\/div>\t\t\t\t\t\t\t\t<\/div>\n\t\t\t\t<\/div>\n\t\t\t\t\t<\/div>\n\t\t\t\t<\/div>\n\t\t\t\t<\/div>\n\t\t","protected":false},"excerpt":{"rendered":"<p>Accueil Tarif Services Categories \ud83c\udfaf Notre philosophie ACCOMMPAGNEMENTS DES ACQUEREURS Projects FONDS DE COMMERCE A LOUER FONDS DE COMMERCE A VENDRE Notre Expertise Bancaire Contactez-nous Prendre contact Une transmission structur\u00e9e, ma\u00eetris\u00e9e et prot\u00e9g\u00e9e La cession ou la reprise d\u2019un fonds de commerce est une op\u00e9ration juridique complexe. Elle implique des engagements contractuels, des d\u00e9lais l\u00e9gaux, [&hellip;]<\/p>\n","protected":false},"author":1,"featured_media":0,"parent":0,"menu_order":0,"comment_status":"closed","ping_status":"closed","template":"elementor_header_footer","meta":{"_acf_changed":false,"footnotes":""},"class_list":["post-240","page","type-page","status-publish","hentry"],"acf":[],"_links":{"self":[{"href":"https:\/\/www.dazzling-gauss.212-227-170-25.plesk.page\/index.php\/wp-json\/wp\/v2\/pages\/240","targetHints":{"allow":["GET"]}}],"collection":[{"href":"https:\/\/www.dazzling-gauss.212-227-170-25.plesk.page\/index.php\/wp-json\/wp\/v2\/pages"}],"about":[{"href":"https:\/\/www.dazzling-gauss.212-227-170-25.plesk.page\/index.php\/wp-json\/wp\/v2\/types\/page"}],"author":[{"embeddable":true,"href":"https:\/\/www.dazzling-gauss.212-227-170-25.plesk.page\/index.php\/wp-json\/wp\/v2\/users\/1"}],"replies":[{"embeddable":true,"href":"https:\/\/www.dazzling-gauss.212-227-170-25.plesk.page\/index.php\/wp-json\/wp\/v2\/comments?post=240"}],"version-history":[{"count":7,"href":"https:\/\/www.dazzling-gauss.212-227-170-25.plesk.page\/index.php\/wp-json\/wp\/v2\/pages\/240\/revisions"}],"predecessor-version":[{"id":281,"href":"https:\/\/www.dazzling-gauss.212-227-170-25.plesk.page\/index.php\/wp-json\/wp\/v2\/pages\/240\/revisions\/281"}],"wp:attachment":[{"href":"https:\/\/www.dazzling-gauss.212-227-170-25.plesk.page\/index.php\/wp-json\/wp\/v2\/media?parent=240"}],"curies":[{"name":"wp","href":"https:\/\/api.w.org\/{rel}","templated":true}]}}